44)/(-8).
20
Suppose 1187 - 270 = 131*o. What is the remainder when o is divided by 4?
3
Suppose 4*a - 17 = -1. Calculate the remainder when 411 is divided by (-6)/a + (-903)/(-86).
6
Suppose 2*m - 10 = -5*f + 3, -3*f + 11 = -2*m. Suppose f*i - 20 - 25 = 0. What is the remainder when 2530/44 + (-3)/(-2) is divided by i?
14
Suppose 0 = -w - 2*v + 232, 0 = -2*w + 3*v + 379 + 141. What is the remainder when 1243 is divided by w?
3
Let x = 7 - 4. Let z = -200 + 214. Suppose x*b - z = 52. What is the remainder when 41 is divided by b?
19
What is the remainder when 181 - 6/((-24)/(-8)) is divided by 20?
19
Suppose -1583*b - 14616 = -1709*b. Let y = 63 + -33. Calculate the remainder when b is divided by (y/(-9))/((-2)/18).
26
Suppose -3*j + 1001 = 671. Calculate the remainder when 219 is divided by j.
109
Suppose 10 = 4*i - n, i - 2*n - n + 3 = 0. Calculate the remainder when (14 - -84)*(-1)/(i - 4) is divided by 50.
48
Let w = -680 - -683. Calculate the remainder when 50 is divided by (132/110)/((-4)/(-150)*w).
5
Suppose 0 = -3*t - 2*f + 1612, 4*f = -3*t - f + 1627. Suppose -32*r + t = -394. Calculate the remainder when 202 is divided by r.
28
What is the remainder when -1*(-1 - -2) + (12 + 250 - -12) is divided by 9?
3
Suppose -6*i = -72 - 384. Suppose -5*j + 132 + 43 = 5*o, 0 = 4*j + 5*o - 136. Calculate the remainder when i is divided by j.
37
Let i = -81 - -84. Suppose -40 = -2*d - 4*v - 0*v, 5*d - i*v = 139. Let k(j) = -j**3 + 10*j**2 - 8*j + 10. Calculate the remainder when k(7) is divided by d.
23
Suppose 10*b + 717 - 4535 - 112 = 0. What is the remainder when b is divided by 94?
17
Suppose -20*n - 15*n = 6*n - 25297. What is the remainder when n is divided by 70?
57
Suppose -20*q = 2*d - 21*q + 286, 2*d - 2*q = -286. Let i(n) = 39*n + 1. Let y be i(-2). Let l = y - d. What is the remainder when l is divided by 35?
31
Let z(g) = g**3 - g**2 - 39*g + 3133. Calculate the remainder when z(0) is divided by 32.
29
Suppose -7*r + 0*r = -868. Suppose -29 = -x + r. Let y = -95 + 117. Calculate the remainder when x is divided by y.
21
Suppose -2*y + 4*h + 116 = 0, 2*y - 125 = 5*h - 5. Calculate the remainder when y is divided by -12 + 0 - 152/(13 + -17).
24
Suppose 19*s = 20*s. Suppose s + 21 = 3*y + 2*i, 2*i - 11 = -y. Suppose 5*b - 10 = -y*k, -3*b - 2*b - 2*k = -22. What is the remainder when 34 is divided by b?
4
Let f(w) = 19*w + 18. Let c(y) = -56*y - 55. Let r(d) = -3*c(d) - 8*f(d). What is the remainder when r(17) is divided by 49?
48
Let d(t) = t**3 + 2*t**2 - 63*t - 216. What is the remainder when 764 is divided by d(-5)?
20
Suppose -2*v = 16*d - 17*d - 921, -478 = -v + 4*d. Let b(f) = -f**3 - 4*f**2 - f - 7. What is the remainder when v is divided by b(-5)?
21
Suppose -2*n + 14 = -r, -25*n + 28*n + 56 = -2*r. Calculate the remainder when r/(-77) + (-1146)/(-7) is divided by 24.
20
Suppose b - 1 = 3*b - 3*k, 5*b + 4*k - 9 = 0. Calculate the remainder when 222 is divided by (-106)/(-2) + 2 + b.
54
Suppose 5*i + 17 - 122 = 0. What is the remainder when (-42)/(-483) + (-57460)/(-460) is divided by i?
20
Let i = -81 + 75. Let t(v) = v**2 - 15*v - 7. Let a(u) = -8*u + 7. What is the remainder when t(i) is divided by a(-3)?
26
Suppose -19*g + 24*g = 25. Suppose 0 = 4*u - 4*y - 233 - 195, y = -g*u + 535. Calculate the remainder when u is divided by 36.
35
Let f(s) = -s**2 + 11*s - 20. Suppose -5 = 3*g - 8*g, 5*a = 4*g + 36. Let i be f(a). Suppose i*r - 68 = 88. Calculate the remainder when 75 is divided by r.
36
Let g(u) be the third derivative of u**5/20 + u**4/24 + u**3/2 - u**2. What is the remainder when g(-3) is divided by 138/10 - 3648/960?
7
Suppose f + 15 = 6*f + 5*s, -5*f = -4*s + 12. Let h(i) = -84*i + i**2 + f*i**2 + 229 + 81*i. Calculate the remainder when h(0) is divided by 29.
26
Let q = -964 + 969. Suppose q*d + 2*g = 385, -3*d + 320 = d + 4*g. Calculate the remainder when d is divided by 28.
19
Let b(k) = -k**3 - 40*k**2 - 400*k + 7. What is the remainder when 3/(((-30)/56)/(-5)) is divided by b(-21)?
0
Let s(n) = -517*n - 19. Let c be s(1). Let j = c - -559. What is the remainder when 82 is divided by j?
13
Let r(v) = 66*v + 7952. Calculate the remainder when r(-110) is divided by 179.
155
Suppose t = -w + 297, -5*w + 4*t = 7*t - 1491. Let o = w + -226. Calculate the remainder when o is divided by 22.
8
Suppose 0 = -3*z - 167*y + 165*y + 65, y = 5*z - 117. Calculate the remainder when 5379 is divided by z.
20
Let a be (2 - 4)/(2*(-3)/(-210)). Let p = a - -236. Calculate the remainder when p is divided by 19.
14
Suppose -4*r = 5*s - 1641, -866 = -2*r - 480*s + 484*s. What is the remainder when r is divided by 200?
19
Let p(a) = -a**2 - 16*a. Let i be (1/3 - (-15)/(-9))*12. Let s be p(i). Suppose -84 = -s*j - 6*j. What is the remainder when 25 is divided by j?
11
Let y(v) = -142*v + 1025. Calculate the remainder when 2528 is divided by y(5).
8
Suppose 6*o - 5*o = 3. Suppose -2*a + o = 3*t + 5, 4*t = a - 21. Let q(u) = -u**3 + 15*u**2 + 16*u + 6. Calculate the remainder when q(16) is divided by a.
1
Suppose 0*v + 5*v = -15. Let r(n) = -258*n**2 - 4*n - 18. Let i be r(v). Calculate the remainder when 27 is divided by (-2)/(-11) + (i/(-66))/4.
0
Let a(r) = 25*r + 327. Let b be a(-13). Suppose -b + 6 = 2*v, -3*d = v - 962. Calculate the remainder when d is divided by 65.
60
Let b = -189 - -209. Calculate the remainder when (-1472)/(-20) - (-8)/b is divided by 9.
2
Let q(u) = -u**3 - 3*u**2 - 4*u - 13. Let o be q(-3). Calculate the remainder when 38 is divided by 30 - o/((-3)/(-15)).
3
Suppose 9*t - 723 = -3*i + 6*t, -978 = -4*i + 3*t. Calculate the remainder when i is divided by 40.
3
Suppose -3*k = t + 627, -5*k - 2*t + 121 = 1166. Let p = k - -284. What is the remainder when p is divided by 13?
10
Let u(x) = 4*x**2 + 17*x + 37. Calculate the remainder when 329 is divided by u(-3).
21
Suppose -16905 - 15006 = -129*t - 8691. Calculate the remainder when 879 is divided by t.
159
Suppose 24*r = 2*b + 20*r - 516, 501 = 2*b - r. Let z = b + -203. Calculate the remainder when 311 is divided by z.
41
Let c be 4884/12 - (12 + -2)/(-2). Let n = -318 + c. What is the remainder when n is divided by 22?
6
Suppose 0 = 44*o - 127*o + 44322. What is the remainder when o is divided by 75?
9
Let i(f) = 113*f**2 + 7*f - 8. Let o be i(3). Let b = o - 655. Suppose 2*u = -5*m - u + 351, 5*u = 5*m - b. What is the remainder when m is divided by 25?
22
Let m = -4610 - -4637. What is the remainder when 3/2*452/6 is divided by m?
5
Let y = -13 + 39. Suppose -2*h + 11 = -0*b + b, -2*b - 3*h = -y. Suppose 12*s + 98 = b*s. What is the remainder when 93 is divided by s?
9
Let r = 194 - -310. What is the remainder when r is divided by 7?
0
Let q = 56 - 37. Suppose q*v - 32 = 11*v. Calculate the remainder when v is divided by 1.
0
Suppose -2*f + 3497 = f - 2*x, -4*f = x - 4681. Calculate the remainder when 2350 is divided by f.
12
Suppose 2*z + 5*r = 54336, -21*r + 54328 = 2*z - 20*r. What is the remainder when z is divided by 34?
31
Suppose 11 = 13*w - 41. Suppose 82 = 3*p + j, -2*p + w*j - 94 = -5*p. What is the remainder when p is divided by 9?
8
Suppose 150*n = 427*n - 9972. What is the remainder when 355 is divided by n?
31
Let w be (-10)/(-3)*(-36)/(-15). Suppose -240 = -w*g + 2*g. Let q(c) = 2*c**2 + 10*c + 9. Calculate the remainder when g is divided by q(-6).
19
Let i = -1387 + 1686. What is the remainder when i is divided by 65?
39
Let x(v) = 2*v**2 + 6*v + 5. Suppose 108*q = 144*q - 7308. What is the remainder when q is divided by x(-6)?
39
Suppose 3*y = -17 - 4. Let o = 214 + -170. Calculate the remainder when (-1)/y - (-1210)/7 is divided by o.
41
What is the remainder when (-798)/(-2660) - (-88374)/20 is divided by 1104?
3
Let v = -10 - -19. Let s(j) = 17*j - 9. Let f be s(v). Suppose 0*u - 12*u = -f. What is the remainder when 43 is divided by u?
7
Suppose -2*i = -y + 97, 1575 = y - 4*i + 1486. Calculate the remainder when 936 is divided by y.
96
Let k = 1283 + -453. Suppose 441*g - 436*g - k = 0. Calculate the remainder when g is divided by 28.
26
Suppose 5*z + 118 = -2*f - 311, -z - 4*f = 75. Suppose -3270 = -42*g - 228*g - 300. Calculate the remainder when z/(-2)*14/21 is divided by g.
7
Let d(f) = 3*f**3 + 4*f**2 - 8*f. Let z = -53 - 25. Let j 